{"id":78,"date":"2025-01-24T16:16:12","date_gmt":"2025-01-24T15:16:12","guid":{"rendered":"https:\/\/leblanc.pl\/paradox\/?page_id=78"},"modified":"2025-04-27T19:48:22","modified_gmt":"2025-04-27T17:48:22","slug":"jour-29-de-laber-wrach-a-camaret","status":"publish","type":"page","link":"https:\/\/leblanc.pl\/paradox\/jour-29-de-laber-wrach-a-camaret\/","title":{"rendered":"Jour 29, de l\u2019Aber Wrac\u2019h \u00e0 Camaret"},"content":{"rendered":"<h2><strong>Jeudi 19 septembre<\/strong><\/h2>\n<p><span style=\"font-size: 14pt;\">Qui donc a \u00e9crit \u00ab\u00a0<em>En voilier, on sait o\u00f9 on va quand on y est arriv\u00e9<\/em>\u00a0\u00bb\u00a0?<\/span><\/p>\n<p><span style=\"font-size: 14pt;\">Notre escale suivante \u00e9tait initialement <strong><em>Port Tudy<\/em><\/strong>, sur l\u2019\u00eele de Groix.<\/span><\/p>\n<p><span style=\"font-size: 14pt;\">Mais comme souvent, la gestion \u00ab<em>\u00a0en dynamique<\/em>\u00a0\u00bb nous am\u00e8nera \u00e0 Camaret.<\/span><\/p>\n<p>&nbsp;<\/p>\n<p><span style=\"font-size: 14pt;\">Deux raisons \u00e0 cela.<\/span><\/p>\n<p>&nbsp;<\/p>\n<div id=\"attachment_1490\" style=\"width: 310px\" class=\"wp-caption alignleft\"><a href=\"https:\/\/leblanc.pl\/paradox\/wp-content\/uploads\/2025\/03\/La-cause-de-notre-escale-a-Camaret.jpg\"><img loading=\"lazy\" decoding=\"async\" aria-describedby=\"caption-attachment-1490\" class=\"image-a-gauche wp-image-1490 size-medium\" title=\"La cause de notre escale \u00e0 Camaret\" src=\"https:\/\/leblanc.pl\/paradox\/wp-content\/uploads\/2025\/03\/La-cause-de-notre-escale-a-Camaret-300x225.jpg\" alt=\"La cause de notre escale \u00e0 Camaret\" width=\"300\" height=\"225\" srcset=\"https:\/\/leblanc.pl\/paradox\/wp-content\/uploads\/2025\/03\/La-cause-de-notre-escale-a-Camaret-300x225.jpg 300w, https:\/\/leblanc.pl\/paradox\/wp-content\/uploads\/2025\/03\/La-cause-de-notre-escale-a-Camaret-768x576.jpg 768w, https:\/\/leblanc.pl\/paradox\/wp-content\/uploads\/2025\/03\/La-cause-de-notre-escale-a-Camaret.jpg 800w\" sizes=\"auto, (max-width: 300px) 100vw, 300px\" \/><\/a><p id=\"caption-attachment-1490\" class=\"wp-caption-text\"><\/span> <span style=\"font-size: 14pt;\">La cause de notre escale \u00e0 Camaret<\/span><\/p><\/div>\n<p>&nbsp;<\/p>\n<p><span style=\"font-size: 14pt;\">La premi\u00e8re, pr\u00e9vue, est la n\u00e9cessit\u00e9 de trouver un s\u00e8che-linge, celui de L\u2019Aber Wrac\u2019h n\u2019ayant pas fonctionn\u00e9. Toute notre lessive est encore tremp\u00e9e.<\/span><\/p>\n<p>&nbsp;<\/p>\n<p><span style=\"font-size: 14pt;\">La deuxi\u00e8me, impr\u00e9vue, est un \u0153illet d\u2019un panneau de la grand-voile qui s\u2019est arrach\u00e9 lors d\u2019une fausse man\u0153uvre.<\/span><\/p>\n<p>&nbsp;<\/p>\n<p><span style=\"font-size: 14pt;\">Les panneaux des voiles de Paradox \u00e9tant ind\u00e9pendants, nous retirons le panneau endommag\u00e9 pour pouvoir l&#8217;emmener en r\u00e9paration, et continuons sous misaine seule.<\/span><\/p>\n<div id=\"attachment_1493\" style=\"width: 310px\" class=\"wp-caption alignright\"><a href=\"https:\/\/leblanc.pl\/paradox\/wp-content\/uploads\/2025\/03\/Sous-misaine-seule.jpg\"><img loading=\"lazy\" decoding=\"async\" aria-describedby=\"caption-attachment-1493\" class=\"image-a-droite wp-image-1493 size-medium\" title=\"Sous misaine seule, nous naviguons encore \u00e0 5 noeuds\" src=\"https:\/\/leblanc.pl\/paradox\/wp-content\/uploads\/2025\/03\/Sous-misaine-seule-300x169.jpg\" alt=\"\" width=\"300\" height=\"169\" srcset=\"https:\/\/leblanc.pl\/paradox\/wp-content\/uploads\/2025\/03\/Sous-misaine-seule-300x169.jpg 300w, https:\/\/leblanc.pl\/paradox\/wp-content\/uploads\/2025\/03\/Sous-misaine-seule-768x432.jpg 768w, https:\/\/leblanc.pl\/paradox\/wp-content\/uploads\/2025\/03\/Sous-misaine-seule.jpg 800w\" sizes=\"auto, (max-width: 300px) 100vw, 300px\" \/><\/a><p id=\"caption-attachment-1493\" class=\"wp-caption-text\"><\/span> <span style=\"font-size: 14pt;\">Sous misaine seule<\/span><\/p><\/div>\n<p>&nbsp;<\/p>\n<p>&nbsp;<\/p>\n<p>&nbsp;<\/p>\n<p><span style=\"font-size: 14pt;\">Soucieux du timing et de l&rsquo;organisation, nous contactons en cours de route le r\u00e9parateur voilier de Camaret, personnage assez impr\u00e9visible qui nous donne un rendez-vous qu\u2019il n\u2019honorera que plusieurs heures plus tard, \u00e0 sa propre convenance.<\/span><\/p>\n<p>&nbsp;<\/p>\n<p><span style=\"font-size: 14pt;\">Malgr\u00e9 nos doutes grandissants, le travail est finalement ex\u00e9cut\u00e9 et le panneau r\u00e9par\u00e9 nous est ramen\u00e9 r\u00e9par\u00e9 en fin d&rsquo;apr\u00e8s-midi.<\/span><\/p>\n<p>&nbsp;<\/p>\n<div id=\"attachment_1492\" style=\"width: 310px\" class=\"wp-caption alignleft\"><a href=\"https:\/\/leblanc.pl\/paradox\/wp-content\/uploads\/2025\/03\/Les-moules-ont-remplace-les-fishchips-.jpg\"><img loading=\"lazy\" decoding=\"async\" aria-describedby=\"caption-attachment-1492\" class=\"image-a-gauche wp-image-1492 size-medium\" title=\"Les moules ont remplac\u00e9 les fish&amp;chips !\" src=\"https:\/\/leblanc.pl\/paradox\/wp-content\/uploads\/2025\/03\/Les-moules-ont-remplace-les-fishchips--300x225.jpg\" alt=\"Les moules ont remplac\u00e9 les fish&amp;chips !\" width=\"300\" height=\"225\" srcset=\"https:\/\/leblanc.pl\/paradox\/wp-content\/uploads\/2025\/03\/Les-moules-ont-remplace-les-fishchips--300x225.jpg 300w, https:\/\/leblanc.pl\/paradox\/wp-content\/uploads\/2025\/03\/Les-moules-ont-remplace-les-fishchips--768x576.jpg 768w, https:\/\/leblanc.pl\/paradox\/wp-content\/uploads\/2025\/03\/Les-moules-ont-remplace-les-fishchips-.jpg 800w\" sizes=\"auto, (max-width: 300px) 100vw, 300px\" \/><\/a><p id=\"caption-attachment-1492\" class=\"wp-caption-text\"><\/span> <span style=\"font-size: 14pt;\">Les moules ont remplac\u00e9 les fish&amp;chips !<\/span><\/p><\/div>\n<p>&nbsp;<\/p>\n<p><span style=\"font-size: 14pt;\">A 20h30, le panneau de voile est remis en place, le linge est finalement sec, et nous allons f\u00eater \u00e7a avec un plat de moules marini\u00e8res dans un restaurant du port.<\/span><\/p>\n<p>&nbsp;<\/p>\n<p><span style=\"font-size: 14pt;\">Finis, les <em>fish&amp;chips<\/em>\u00a0!<\/span><\/p>\n<p>&nbsp;<\/p>\n<p>&nbsp;<\/p>\n<p style=\"text-align: right;\"><span style=\"font-size: 14pt;\"><a href=\"https:\/\/leblanc.pl\/paradox\/jour-30-de-camaret-a-loctudy\/\"><em>(\u00e0 suivre)<\/em><\/a><\/span><\/p>\n","protected":false},"excerpt":{"rendered":"<p>Jeudi 19 septembre Qui donc a \u00e9crit \u00ab\u00a0En voilier, on sait o\u00f9 on va quand on y est arriv\u00e9\u00a0\u00bb\u00a0? Notre escale suivante \u00e9tait initialement Port Tudy, sur l\u2019\u00eele de Groix. Mais comme souvent, la gestion \u00ab\u00a0en dynamique\u00a0\u00bb nous am\u00e8nera \u00e0 &hellip; <a href=\"https:\/\/leblanc.pl\/paradox\/jour-29-de-laber-wrach-a-camaret\/\">Continuer la lecture <span class=\"meta-nav\">&rarr;<\/span><\/a><\/p>\n","protected":false},"author":1,"featured_media":502,"parent":0,"menu_order":31,"comment_status":"open","ping_status":"closed","template":"","meta":{"footnotes":""},"class_list":["post-78","page","type-page","status-publish","has-post-thumbnail","hentry"],"_links":{"self":[{"href":"https:\/\/leblanc.pl\/paradox\/wp-json\/wp\/v2\/pages\/78","targetHints":{"allow":["GET"]}}],"collection":[{"href":"https:\/\/leblanc.pl\/paradox\/wp-json\/wp\/v2\/pages"}],"about":[{"href":"https:\/\/leblanc.pl\/paradox\/wp-json\/wp\/v2\/types\/page"}],"author":[{"embeddable":true,"href":"https:\/\/leblanc.pl\/paradox\/wp-json\/wp\/v2\/users\/1"}],"replies":[{"embeddable":true,"href":"https:\/\/leblanc.pl\/paradox\/wp-json\/wp\/v2\/comments?post=78"}],"version-history":[{"count":25,"href":"https:\/\/leblanc.pl\/paradox\/wp-json\/wp\/v2\/pages\/78\/revisions"}],"predecessor-version":[{"id":1846,"href":"https:\/\/leblanc.pl\/paradox\/wp-json\/wp\/v2\/pages\/78\/revisions\/1846"}],"wp:featuredmedia":[{"embeddable":true,"href":"https:\/\/leblanc.pl\/paradox\/wp-json\/wp\/v2\/media\/502"}],"wp:attachment":[{"href":"https:\/\/leblanc.pl\/paradox\/wp-json\/wp\/v2\/media?parent=78"}],"curies":[{"name":"wp","href":"https:\/\/api.w.org\/{rel}","templated":true}]}}