{"id":76,"date":"2025-01-24T16:15:21","date_gmt":"2025-01-24T15:15:21","guid":{"rendered":"https:\/\/leblanc.pl\/paradox\/?page_id=76"},"modified":"2025-04-27T19:44:56","modified_gmt":"2025-04-27T17:44:56","slug":"jour-28-arrivee-a-laber-wrach","status":"publish","type":"page","link":"https:\/\/leblanc.pl\/paradox\/jour-28-arrivee-a-laber-wrach\/","title":{"rendered":"Jour 28, de retour \u00e0 l\u2019Aber Wrac\u2019h"},"content":{"rendered":"<h2><strong>Mercredi 18 septembre<\/strong><\/h2>\n<p><span style=\"font-size: 14pt;\">Ce matin, la Manche est d\u00e9sormais derri\u00e8re nous.<\/span><\/p>\n<div id=\"attachment_1449\" style=\"width: 310px\" class=\"wp-caption alignright\"><a href=\"https:\/\/leblanc.pl\/paradox\/wp-content\/uploads\/2025\/03\/Cailloux-dans-lAber-Wrach.jpg\"><img loading=\"lazy\" decoding=\"async\" aria-describedby=\"caption-attachment-1449\" class=\"image-a-droite wp-image-1449 size-medium\" title=\"Cailloux dans l'Aber Wrac'h\" src=\"https:\/\/leblanc.pl\/paradox\/wp-content\/uploads\/2025\/03\/Cailloux-dans-lAber-Wrach-300x188.jpg\" alt=\"Cailloux dans l'Aber Wrac'h\" width=\"300\" height=\"188\" srcset=\"https:\/\/leblanc.pl\/paradox\/wp-content\/uploads\/2025\/03\/Cailloux-dans-lAber-Wrach-300x188.jpg 300w, https:\/\/leblanc.pl\/paradox\/wp-content\/uploads\/2025\/03\/Cailloux-dans-lAber-Wrach-768x481.jpg 768w, https:\/\/leblanc.pl\/paradox\/wp-content\/uploads\/2025\/03\/Cailloux-dans-lAber-Wrach.jpg 800w\" sizes=\"auto, (max-width: 300px) 100vw, 300px\" \/><\/a><p id=\"caption-attachment-1449\" class=\"wp-caption-text\"><span style=\"font-size: 14pt;\">Cailloux dans l&rsquo;Aber Wrac&rsquo;h<\/span><\/p><\/div>\n<p>&nbsp;<\/p>\n<p><span style=\"font-size: 14pt;\">Alors que nous nous appr\u00eatons \u00e0 d\u00e9marrer le moteur pour naviguer dans l&rsquo;estuaire caillouteux de l\u2019<em><strong>Aber Wrac\u2019h<\/strong><\/em>, notre <em>quartier-ma\u00eetre<\/em> Eric, n\u2019en faisant qu\u2019\u00e0 sa t\u00eate, prend d\u2019autorit\u00e9 la direction des op\u00e9rations : nous allons rentrer \u00e0 la voile, en tirant des bords.<\/span><\/p>\n<p>&nbsp;<\/p>\n<p><span style=\"font-size: 14pt;\">L\u2019expression \u00ab\u00a0<em>faire du rase-cailloux\u00a0<\/em>\u00bb prend ici tout son sens, mais j\u2019avoue que nous en tirons une certaine fiert\u00e9 !<\/span><\/p>\n<p>&nbsp;<\/p>\n<p><span style=\"font-size: 14pt;\">Nous nous amarrons \u00e0 midi, d\u00e9jeunons \u00e0 bord et tout le monde part \u00e0 la sieste.<\/span><\/p>\n<p>&nbsp;<\/p>\n<div id=\"attachment_1486\" style=\"width: 252px\" class=\"wp-caption alignleft\"><a href=\"https:\/\/leblanc.pl\/paradox\/wp-content\/uploads\/2025\/03\/Skyjo-.jpg\"><img loading=\"lazy\" decoding=\"async\" aria-describedby=\"caption-attachment-1486\" class=\"image-a-gauche wp-image-1486 size-medium\" title=\"Skyjo !\" src=\"https:\/\/leblanc.pl\/paradox\/wp-content\/uploads\/2025\/03\/Skyjo--242x300.jpg\" alt=\"Skyjo !\" width=\"242\" height=\"300\" srcset=\"https:\/\/leblanc.pl\/paradox\/wp-content\/uploads\/2025\/03\/Skyjo--242x300.jpg 242w, https:\/\/leblanc.pl\/paradox\/wp-content\/uploads\/2025\/03\/Skyjo-.jpg 600w\" sizes=\"auto, (max-width: 242px) 100vw, 242px\" \/><\/a><p id=\"caption-attachment-1486\" class=\"wp-caption-text\"><span style=\"font-size: 14pt;\">Skyjo !<\/span><\/p><\/div>\n<p>&nbsp;<\/p>\n<p><span style=\"font-size: 18.6667px;\">Plus tard dans l\u2019apr\u00e8s-midi, nous devons encore une fois vider les fonds de cale. Bruno et Christian partent faire la lessive, mais la ram\u00e8nent mouill\u00e9e pour cause de s\u00e8che-linge d\u00e9fectueux.<\/span><\/p>\n<p>&nbsp;<\/p>\n<p><span style=\"font-size: 14pt;\">La fatigue nous incite \u00e0 prendre le repas du soir \u00e0 bord, et apr\u00e8s la traditionnelle partie de <em><strong>Skyjo<\/strong><\/em>, chacun rejoint sa bannette \u00e0 22h00.<\/span><\/p>\n<p>&nbsp;<\/p>\n<p>&nbsp;<\/p>\n<p>&nbsp;<\/p>\n<p style=\"text-align: right;\"><span style=\"font-size: 14pt;\"><a href=\"https:\/\/leblanc.pl\/paradox\/jour-29-de-laber-wrach-a-camaret\/\"><em>(\u00e0 suivre)<\/em><\/a><\/span><\/p>\n","protected":false},"excerpt":{"rendered":"<p>Mercredi 18 septembre Ce matin, la Manche est d\u00e9sormais derri\u00e8re nous. &nbsp; Alors que nous nous appr\u00eatons \u00e0 d\u00e9marrer le moteur pour naviguer dans l&rsquo;estuaire caillouteux de l\u2019Aber Wrac\u2019h, notre quartier-ma\u00eetre Eric, n\u2019en faisant qu\u2019\u00e0 sa t\u00eate, prend d\u2019autorit\u00e9 la &hellip; <a href=\"https:\/\/leblanc.pl\/paradox\/jour-28-arrivee-a-laber-wrach\/\">Continuer la lecture <span class=\"meta-nav\">&rarr;<\/span><\/a><\/p>\n","protected":false},"author":1,"featured_media":500,"parent":0,"menu_order":30,"comment_status":"open","ping_status":"closed","template":"","meta":{"footnotes":""},"class_list":["post-76","page","type-page","status-publish","has-post-thumbnail","hentry"],"_links":{"self":[{"href":"https:\/\/leblanc.pl\/paradox\/wp-json\/wp\/v2\/pages\/76","targetHints":{"allow":["GET"]}}],"collection":[{"href":"https:\/\/leblanc.pl\/paradox\/wp-json\/wp\/v2\/pages"}],"about":[{"href":"https:\/\/leblanc.pl\/paradox\/wp-json\/wp\/v2\/types\/page"}],"author":[{"embeddable":true,"href":"https:\/\/leblanc.pl\/paradox\/wp-json\/wp\/v2\/users\/1"}],"replies":[{"embeddable":true,"href":"https:\/\/leblanc.pl\/paradox\/wp-json\/wp\/v2\/comments?post=76"}],"version-history":[{"count":13,"href":"https:\/\/leblanc.pl\/paradox\/wp-json\/wp\/v2\/pages\/76\/revisions"}],"predecessor-version":[{"id":1845,"href":"https:\/\/leblanc.pl\/paradox\/wp-json\/wp\/v2\/pages\/76\/revisions\/1845"}],"wp:featuredmedia":[{"embeddable":true,"href":"https:\/\/leblanc.pl\/paradox\/wp-json\/wp\/v2\/media\/500"}],"wp:attachment":[{"href":"https:\/\/leblanc.pl\/paradox\/wp-json\/wp\/v2\/media?parent=76"}],"curies":[{"name":"wp","href":"https:\/\/api.w.org\/{rel}","templated":true}]}}