{"id":43,"date":"2025-01-24T15:59:21","date_gmt":"2025-01-24T14:59:21","guid":{"rendered":"https:\/\/leblanc.pl\/paradox\/?page_id=43"},"modified":"2025-04-27T19:10:00","modified_gmt":"2025-04-27T17:10:00","slug":"jour-12-soiree-a-malahide","status":"publish","type":"page","link":"https:\/\/leblanc.pl\/paradox\/jour-12-soiree-a-malahide\/","title":{"rendered":"Jour 12, premi\u00e8re soir\u00e9e \u00e0 Malahide"},"content":{"rendered":"<h2><strong>Lundi 2 septembre<\/strong><\/h2>\n<p><span style=\"font-size: 14pt;\">Paradox amarr\u00e9, les pr\u00e9sentations sont faites, poign\u00e9es de mains et chaleureuses embrassades.<\/span><\/p>\n<p>&nbsp;<\/p>\n<p><span style=\"font-size: 14pt;\">En plus du plaisir de retrouver <em><strong>Kevin Cardiff<\/strong><\/em>, qu&rsquo;Eric et moi connaissons d\u00e9j\u00e0 puisqu&rsquo;il est le pr\u00e9sident de la <em><strong>Junk Rig Association<\/strong><\/em>, nous avons le plaisir d&rsquo;\u00eatre accueillis par <a href=\"https:\/\/www.youtube.com\/watch?v=BTRoQ1eMk2g\" target=\"_blank\" rel=\"noopener\"><em><strong>Alan Mulholland<\/strong><\/em><\/a>, qui, \u00e0 bord de sa petite jonque de 6,50m <em><strong>Wave Rover II<\/strong><\/em>, construite de ses mains,\u00a0 vient de traverser l&rsquo;Atlantique depuis l&rsquo;\u00eele du <em><strong>Prince Edward<\/strong><\/em>, au Canada, via <em><strong>Baltimore<\/strong><\/em>, aux USA. Un personnage \u00e9tonnant, aussi \u00e9nergique que sympathique, dont nous aurons l&rsquo;occasion de reparler.<\/span><\/p>\n<p>&nbsp;<\/p>\n<div id=\"attachment_984\" style=\"width: 310px\" class=\"wp-caption alignright\"><a href=\"https:\/\/leblanc.pl\/paradox\/wp-content\/uploads\/2025\/03\/Premier-Pub-a-Malahide.jpg\"><img loading=\"lazy\" decoding=\"async\" aria-describedby=\"caption-attachment-984\" class=\"image-a-droite wp-image-984 size-medium\" title=\"Premiere soir\u00e9e au pub \u00e0 Malahide, Alan Mulholland au centre\" src=\"https:\/\/leblanc.pl\/paradox\/wp-content\/uploads\/2025\/03\/Premier-Pub-a-Malahide-300x225.jpg\" alt=\"Premiere soir\u00e9e au pub \u00e0 Malahide, Alan Mulholland au centre\" width=\"300\" height=\"225\" srcset=\"https:\/\/leblanc.pl\/paradox\/wp-content\/uploads\/2025\/03\/Premier-Pub-a-Malahide-300x225.jpg 300w, https:\/\/leblanc.pl\/paradox\/wp-content\/uploads\/2025\/03\/Premier-Pub-a-Malahide-768x576.jpg 768w, https:\/\/leblanc.pl\/paradox\/wp-content\/uploads\/2025\/03\/Premier-Pub-a-Malahide.jpg 800w\" sizes=\"auto, (max-width: 300px) 100vw, 300px\" \/><\/a><p id=\"caption-attachment-984\" class=\"wp-caption-text\"><\/span> <span style=\"font-size: 14pt;\">Premiere soir\u00e9e au pub \u00e0 Malahide, Alan Mulholland au centre<\/span><\/p><\/div>\n<p><span style=\"font-size: 14pt;\">Cette belle ambiance se poursuit tr\u00e8s rapidement dans un des pubs de la jolie ville de Malahide.<\/span><\/p>\n<p>&nbsp;<\/p>\n<p><span style=\"font-size: 14pt;\">Malgr\u00e9 l&rsquo;heure tardive, la ville r\u00e9sonne encore d&rsquo;une chaude ambiance.<\/span><\/p>\n<p>&nbsp;<\/p>\n<p><span style=\"font-size: 14pt;\">Kevin organise rapidement un repas au pub, autour des bi\u00e8res et des sandwiches.<\/span><\/p>\n<p>&nbsp;<\/p>\n<p><span style=\"font-size: 14pt;\">Nous ne pouvions esp\u00e9rer un aussi bel accueil pour notre arriv\u00e9e, pr\u00e9mices d\u2019un agr\u00e9able s\u00e9jour en Irlande.<\/span><\/p>\n<p>&nbsp;<\/p>\n<div id=\"attachment_983\" style=\"width: 310px\" class=\"wp-caption alignleft\"><a href=\"https:\/\/leblanc.pl\/paradox\/wp-content\/uploads\/2025\/03\/Le-repos-du-marin.jpg\"><img loading=\"lazy\" decoding=\"async\" aria-describedby=\"caption-attachment-983\" class=\"image-a-gauche wp-image-983 size-medium\" title=\"Le repos du marin \u2026\" src=\"https:\/\/leblanc.pl\/paradox\/wp-content\/uploads\/2025\/03\/Le-repos-du-marin-300x161.jpg\" alt=\"Le repos du marin \u2026\" width=\"300\" height=\"161\" srcset=\"https:\/\/leblanc.pl\/paradox\/wp-content\/uploads\/2025\/03\/Le-repos-du-marin-300x161.jpg 300w, https:\/\/leblanc.pl\/paradox\/wp-content\/uploads\/2025\/03\/Le-repos-du-marin-768x412.jpg 768w, https:\/\/leblanc.pl\/paradox\/wp-content\/uploads\/2025\/03\/Le-repos-du-marin.jpg 800w\" sizes=\"auto, (max-width: 300px) 100vw, 300px\" \/><\/a><p id=\"caption-attachment-983\" class=\"wp-caption-text\"><\/span> <span style=\"font-size: 14pt;\">Le repos du marin \u2026<\/span><\/p><\/div>\n<p>&nbsp;<\/p>\n<p>&nbsp;<\/p>\n<p>&nbsp;<\/p>\n<p>&nbsp;<\/p>\n<p>&nbsp;<\/p>\n<p style=\"text-align: right;\"><span style=\"font-size: 14pt;\"><a href=\"https:\/\/leblanc.pl\/paradox\/jour-13-malahide\/\"><em>(\u00e0 suivre)<\/em><\/a><\/span><\/p>\n","protected":false},"excerpt":{"rendered":"<p>Lundi 2 septembre Paradox amarr\u00e9, les pr\u00e9sentations sont faites, poign\u00e9es de mains et chaleureuses embrassades. &nbsp; En plus du plaisir de retrouver Kevin Cardiff, qu&rsquo;Eric et moi connaissons d\u00e9j\u00e0 puisqu&rsquo;il est le pr\u00e9sident de la Junk Rig Association, nous avons &hellip; <a href=\"https:\/\/leblanc.pl\/paradox\/jour-12-soiree-a-malahide\/\">Continuer la lecture <span class=\"meta-nav\">&rarr;<\/span><\/a><\/p>\n","protected":false},"author":1,"featured_media":993,"parent":0,"menu_order":14,"comment_status":"open","ping_status":"closed","template":"","meta":{"footnotes":""},"class_list":["post-43","page","type-page","status-publish","has-post-thumbnail","hentry"],"_links":{"self":[{"href":"https:\/\/leblanc.pl\/paradox\/wp-json\/wp\/v2\/pages\/43","targetHints":{"allow":["GET"]}}],"collection":[{"href":"https:\/\/leblanc.pl\/paradox\/wp-json\/wp\/v2\/pages"}],"about":[{"href":"https:\/\/leblanc.pl\/paradox\/wp-json\/wp\/v2\/types\/page"}],"author":[{"embeddable":true,"href":"https:\/\/leblanc.pl\/paradox\/wp-json\/wp\/v2\/users\/1"}],"replies":[{"embeddable":true,"href":"https:\/\/leblanc.pl\/paradox\/wp-json\/wp\/v2\/comments?post=43"}],"version-history":[{"count":18,"href":"https:\/\/leblanc.pl\/paradox\/wp-json\/wp\/v2\/pages\/43\/revisions"}],"predecessor-version":[{"id":1824,"href":"https:\/\/leblanc.pl\/paradox\/wp-json\/wp\/v2\/pages\/43\/revisions\/1824"}],"wp:featuredmedia":[{"embeddable":true,"href":"https:\/\/leblanc.pl\/paradox\/wp-json\/wp\/v2\/media\/993"}],"wp:attachment":[{"href":"https:\/\/leblanc.pl\/paradox\/wp-json\/wp\/v2\/media?parent=43"}],"curies":[{"name":"wp","href":"https:\/\/api.w.org\/{rel}","templated":true}]}}