{"id":37,"date":"2025-01-24T15:56:53","date_gmt":"2025-01-24T14:56:53","guid":{"rendered":"https:\/\/leblanc.pl\/paradox\/?page_id=37"},"modified":"2025-04-27T19:09:02","modified_gmt":"2025-04-27T17:09:02","slug":"jour-12-darklow-a-malahide","status":"publish","type":"page","link":"https:\/\/leblanc.pl\/paradox\/jour-12-darklow-a-malahide\/","title":{"rendered":"Jour 12, d\u2019Arklow \u00e0 Malahide"},"content":{"rendered":"<h2><strong>Lundi 2 septembre, jour de pluie mais fin heureuse !<\/strong><\/h2>\n<p><span style=\"font-size: 14pt;\">Encore une fois, l\u2019id\u00e9e initiale \u00e9tait de rejoindre <strong><em>Howth<\/em><\/strong>, port proche de Dublin, pour y retrouver notre ami <strong><em>Kevin Cardiff<\/em><\/strong>, pr\u00e9sident de notre association (<a href=\"https:\/\/www.junkrigassociation.org\/\" target=\"_blank\" rel=\"noopener\"><em>la JRA<\/em><\/a>), et nous organiser ensuite.<\/span><br \/>\n<span style=\"font-size: 14pt;\">Et encore une fois, la d\u00e9sormais fameuse \u00ab\u00a0<em>gestion en dynamique<\/em>\u00a0\u00bb en d\u00e9cide autrement.<\/span><\/p>\n<p><span style=\"font-size: 14pt;\">Notre date limite est le 05 septembre, car le lendemain je dois accueillir mon \u00e9pouse <strong><em>Gina<\/em><\/strong> \u00e0 l\u2019a\u00e9roport de Dublin, o\u00f9 Bruno doit aussi retrouver son \u00e9pouse <strong><em>V\u00e9ronique<\/em><\/strong>. Toutes deux avaient d\u00e9cid\u00e9 de nous faire l\u2019honneur de venir passer quelques jours avec nous.<\/span><\/p>\n<div id=\"attachment_982\" style=\"width: 310px\" class=\"wp-caption alignright\"><a href=\"https:\/\/leblanc.pl\/paradox\/wp-content\/uploads\/2025\/03\/Depart-sous-la-pluie.jpg\"><img loading=\"lazy\" decoding=\"async\" aria-describedby=\"caption-attachment-982\" class=\"image-a-droite wp-image-982 size-medium\" title=\"D\u00e9part sous la pluie\" src=\"https:\/\/leblanc.pl\/paradox\/wp-content\/uploads\/2025\/03\/Depart-sous-la-pluie-300x225.jpg\" alt=\"D\u00e9part sous la pluie\" width=\"300\" height=\"225\" srcset=\"https:\/\/leblanc.pl\/paradox\/wp-content\/uploads\/2025\/03\/Depart-sous-la-pluie-300x225.jpg 300w, https:\/\/leblanc.pl\/paradox\/wp-content\/uploads\/2025\/03\/Depart-sous-la-pluie-768x576.jpg 768w, https:\/\/leblanc.pl\/paradox\/wp-content\/uploads\/2025\/03\/Depart-sous-la-pluie.jpg 800w\" sizes=\"auto, (max-width: 300px) 100vw, 300px\" \/><\/a><p id=\"caption-attachment-982\" class=\"wp-caption-text\"><\/span> <span style=\"font-size: 14pt;\">D\u00e9part sous la pluie<\/span><\/p><\/div>\n<p>&nbsp;<\/p>\n<p><span style=\"font-size: 14pt;\">Gr\u00e2ce \u00e0 d\u2019heureuses initiatives en navigation, comme celles de zapper certaines escales, gr\u00e2ce aux bonnes conditions m\u00e9t\u00e9o qui nous ont permis de naviguer plus rapidement que pr\u00e9vu, et sans doute gr\u00e2ce au pessimisme de mes estimations, nous n&rsquo;avons pas moins de quatre jours d\u2019avance sur les pr\u00e9visions.<\/span><\/p>\n<p><span style=\"font-size: 14pt;\">Moins de 40 milles nous s\u00e9parent de notre destination, et nous avons quelques courses \u00e0 faire avant de quitter Arklow. Nous partons vers 11h00, sachant que l\u2019absence de vent nous oblige de toutes fa\u00e7ons \u00e0 naviguer au moteur, sans d\u00e9tours, pour cette \u00e9tape assez courte.<\/span><\/p>\n<p>&nbsp;<\/p>\n<p><span style=\"font-size: 14pt;\">Le vent est absent, mais pas la pluie\u00a0: nous prenons la mer en cir\u00e9s et capuches, pour la premi\u00e8re journ\u00e9e pluvieuse de notre voyage.<\/span><\/p>\n<p><span style=\"font-size: 14pt;\">En arrivant \u00e0 proximit\u00e9 d\u2019Howth, je contacte la capitainerie qui nous informe de leur impossibilit\u00e9 de nous accueillir, pour des raisons de tirant d\u2019eau et de faible coefficient de mar\u00e9e. Ils ont eu plusieurs soucis d\u2019\u00e9chouages dans la journ\u00e9e.<\/span><\/p>\n<div id=\"attachment_981\" style=\"width: 310px\" class=\"wp-caption alignleft\"><a href=\"https:\/\/leblanc.pl\/paradox\/wp-content\/uploads\/2025\/03\/Coucher-de-soleil-sur-le-Ben-of-Howth.jpg\"><img loading=\"lazy\" decoding=\"async\" aria-describedby=\"caption-attachment-981\" class=\"image-a-gauche wp-image-981 size-medium\" title=\"Coucher de soleil sur le Ben of Howth\" src=\"https:\/\/leblanc.pl\/paradox\/wp-content\/uploads\/2025\/03\/Coucher-de-soleil-sur-le-Ben-of-Howth-300x169.jpg\" alt=\"Coucher de soleil sur le Ben of Howth\" width=\"300\" height=\"169\" srcset=\"https:\/\/leblanc.pl\/paradox\/wp-content\/uploads\/2025\/03\/Coucher-de-soleil-sur-le-Ben-of-Howth-300x169.jpg 300w, https:\/\/leblanc.pl\/paradox\/wp-content\/uploads\/2025\/03\/Coucher-de-soleil-sur-le-Ben-of-Howth-768x432.jpg 768w, https:\/\/leblanc.pl\/paradox\/wp-content\/uploads\/2025\/03\/Coucher-de-soleil-sur-le-Ben-of-Howth.jpg 900w\" sizes=\"auto, (max-width: 300px) 100vw, 300px\" \/><\/a><p id=\"caption-attachment-981\" class=\"wp-caption-text\"><\/span> <span style=\"font-size: 14pt;\">Coucher de soleil sur le Ben of Howth<\/span><\/p><\/div>\n<p>&nbsp;<\/p>\n<p><span style=\"font-size: 14pt;\">Nous avons comme alternatives la marina de <strong><em>Dun Laoghaire<\/em><\/strong>, un peu plus au sud dans la baie de Dublin, et celle de <strong><em>Malahide<\/em><\/strong>, un peu plus au nord.<\/span><\/p>\n<p><span style=\"font-size: 14pt;\">Kevin, appel\u00e9 pour la circonstance, nous recommande tout de suite de venir \u00e0 Malahide o\u00f9 il y a largement de la place pour nous. Malahide est aussi le lieu de r\u00e9sidence de Kevin, et l\u2019endroit o\u00f9 il garde son bateau <em>Yvonne <\/em>(en fait, son bateau porte le pr\u00e9nom de son \u00e9pouse !).<\/span><\/p>\n<div id=\"attachment_986\" style=\"width: 160px\" class=\"wp-caption alignright\"><a href=\"https:\/\/leblanc.pl\/paradox\/wp-content\/uploads\/2025\/03\/Kevin-Cardiff.jpg\"><img loading=\"lazy\" decoding=\"async\" aria-describedby=\"caption-attachment-986\" class=\"image-a-droite wp-image-986 size-thumbnail\" title=\"Kevin Cardiff\" src=\"https:\/\/leblanc.pl\/paradox\/wp-content\/uploads\/2025\/03\/Kevin-Cardiff-150x150.jpg\" alt=\"Kevin Cardiff\" width=\"150\" height=\"150\" \/><\/a><p id=\"caption-attachment-986\" class=\"wp-caption-text\"><\/span> <span style=\"font-size: 14pt;\">Kevin Cardiff<\/span><\/p><\/div>\n<p>&nbsp;<\/p>\n<p><span style=\"font-size: 14pt;\">Il est 20h30 et la nuit est tomb\u00e9e lorsque nous nous pr\u00e9sentons au ponton visiteurs. Torches \u00e9lectriques \u00e0 la main, Kevin nous y attend d\u00e9j\u00e0, accompagn\u00e9 d\u2019<strong><em>Alan Mullholland<\/em><\/strong>, intr\u00e9pide personnage qui venait de traverser l\u2019Atlantique sur une petite jonque de 6,50m de sa fabrication, pour participer \u00e0 la parade de Dublin.<\/span><\/p>\n<p>&nbsp;<\/p>\n<p><span style=\"font-size: 14pt;\">Alan est un homme plein de vie, \u00e9nergique et souriant, h\u00e9ros de sa propre chaine YouTube o\u00f9 il publie ses aventures, depuis son premier tour de l\u2019Atlantique avec un Contessa 6,50, puis la construction de son deuxi\u00e8me bateau <strong><em>Wave Rover II<\/em><\/strong> et sa deuxi\u00e8me travers\u00e9e de l\u2019Atlantique (<a href=\"https:\/\/www.youtube.com\/channel\/UC7m3fuU8ASlIKz9LnV-vvJg\" target=\"_blank\" rel=\"noopener\">Allez voir sa chaine YouTube !<\/a>).<\/span><\/p>\n<div id=\"attachment_985\" style=\"width: 160px\" class=\"wp-caption alignleft\"><a href=\"https:\/\/leblanc.pl\/paradox\/wp-content\/uploads\/2025\/03\/Alan-Mulholland.jpg\"><img loading=\"lazy\" decoding=\"async\" aria-describedby=\"caption-attachment-985\" class=\"image-a-gauche wp-image-985 size-thumbnail\" title=\"Alan Mulholland\" src=\"https:\/\/leblanc.pl\/paradox\/wp-content\/uploads\/2025\/03\/Alan-Mulholland-150x150.jpg\" alt=\"Alan Mulholland\" width=\"150\" height=\"150\" \/><\/a><p id=\"caption-attachment-985\" class=\"wp-caption-text\"><\/span> <span style=\"font-size: 14pt;\">Alan Mulholland<\/span><\/p><\/div>\n<p>&nbsp;<\/p>\n<p><span style=\"font-size: 14pt;\">Pour moi, qui suis abonn\u00e9 \u00e0 sa cha\u00eene depuis longtemps, je rencontre ce soir-l\u00e0 une sorte d\u2019idole intouchable &#8230; Pourtant Alan est un homme simple, jovial et disponible, et une joyeuse amiti\u00e9 s\u2019installe tr\u00e8s vite entre lui et notre \u00e9quipage.<\/span><\/p>\n<p>&nbsp;<\/p>\n<p><span style=\"font-size: 14pt;\">La premi\u00e8re partie de notre voyage vient de toucher \u00e0 sa fin.<\/span><\/p>\n<p><span style=\"font-size: 14pt;\">Une nouvelle page de notre petite aventure commence\u00a0!<\/span><\/p>\n<p style=\"text-align: right;\"><span style=\"font-size: 14pt;\"><a href=\"https:\/\/leblanc.pl\/paradox\/jour-12-soiree-a-malahide\/\"><em>(\u00e0 suivre)<\/em><\/a><\/span><\/p>\n","protected":false},"excerpt":{"rendered":"<p>Lundi 2 septembre, jour de pluie mais fin heureuse ! Encore une fois, l\u2019id\u00e9e initiale \u00e9tait de rejoindre Howth, port proche de Dublin, pour y retrouver notre ami Kevin Cardiff, pr\u00e9sident de notre association (la JRA), et nous organiser ensuite. &hellip; <a href=\"https:\/\/leblanc.pl\/paradox\/jour-12-darklow-a-malahide\/\">Continuer la lecture <span class=\"meta-nav\">&rarr;<\/span><\/a><\/p>\n","protected":false},"author":1,"featured_media":460,"parent":0,"menu_order":13,"comment_status":"open","ping_status":"closed","template":"","meta":{"footnotes":""},"class_list":["post-37","page","type-page","status-publish","has-post-thumbnail","hentry"],"_links":{"self":[{"href":"https:\/\/leblanc.pl\/paradox\/wp-json\/wp\/v2\/pages\/37","targetHints":{"allow":["GET"]}}],"collection":[{"href":"https:\/\/leblanc.pl\/paradox\/wp-json\/wp\/v2\/pages"}],"about":[{"href":"https:\/\/leblanc.pl\/paradox\/wp-json\/wp\/v2\/types\/page"}],"author":[{"embeddable":true,"href":"https:\/\/leblanc.pl\/paradox\/wp-json\/wp\/v2\/users\/1"}],"replies":[{"embeddable":true,"href":"https:\/\/leblanc.pl\/paradox\/wp-json\/wp\/v2\/comments?post=37"}],"version-history":[{"count":18,"href":"https:\/\/leblanc.pl\/paradox\/wp-json\/wp\/v2\/pages\/37\/revisions"}],"predecessor-version":[{"id":1823,"href":"https:\/\/leblanc.pl\/paradox\/wp-json\/wp\/v2\/pages\/37\/revisions\/1823"}],"wp:featuredmedia":[{"embeddable":true,"href":"https:\/\/leblanc.pl\/paradox\/wp-json\/wp\/v2\/media\/460"}],"wp:attachment":[{"href":"https:\/\/leblanc.pl\/paradox\/wp-json\/wp\/v2\/media?parent=37"}],"curies":[{"name":"wp","href":"https:\/\/api.w.org\/{rel}","templated":true}]}}