{"id":2071,"date":"2025-05-24T15:51:53","date_gmt":"2025-05-24T13:51:53","guid":{"rendered":"https:\/\/leblanc.pl\/paradox\/?page_id=2071"},"modified":"2025-07-15T10:47:31","modified_gmt":"2025-07-15T08:47:31","slug":"de-beaux-endroits","status":"publish","type":"page","link":"https:\/\/leblanc.pl\/paradox\/de-beaux-endroits\/","title":{"rendered":"De beaux endroits"},"content":{"rendered":"<div aria-live=\"polite\" id=\"soliloquy-container-1966\" class=\"soliloquy-container soliloquy-transition-fade  soliloquy-theme-base\" style=\"max-width:1200px;max-height:563px;\"><ul id=\"soliloquy-1966\" class=\"soliloquy-slider soliloquy-slides soliloquy-wrap soliloquy-clear\"><li aria-hidden=\"true\" class=\"soliloquy-item soliloquy-item-1 soliloquy-image-slide\" draggable=\"false\" style=\"list-style:none\"><img decoding=\"async\" id=\"soliloquy-image-2004\" class=\"soliloquy-image soliloquy-image-1\" src=\"https:\/\/leblanc.pl\/paradox\/wp-content\/uploads\/2025\/05\/Camaret-le-cimetiere-de-bateaux.jpg\" alt=\"Camaret, le cimeti\u00e8re de bateaux\" \/><div class=\"soliloquy-caption\"><div class=\"soliloquy-caption-inside\">A Camaret, le cimeti\u00e8re de bateaux est toujours l\u00e0<\/div><\/div><\/li><li aria-hidden=\"true\" class=\"soliloquy-item soliloquy-item-2 soliloquy-image-slide\" draggable=\"false\" style=\"list-style:none\"><img decoding=\"async\" id=\"soliloquy-image-2008\" class=\"soliloquy-image soliloquy-image-2\" src=\"https:\/\/leblanc.pl\/paradox\/wp-content\/uploads\/2025\/05\/La-nuit-tombe-sur-ces-souvenirs.jpg\" alt=\"La nuit tombe sur ces souvenirs\" \/><div class=\"soliloquy-caption\"><div class=\"soliloquy-caption-inside\">La nuit tombe sur ces souvenirs...<\/div><\/div><\/li><li aria-hidden=\"true\" class=\"soliloquy-item soliloquy-item-3 soliloquy-image-slide\" draggable=\"false\" style=\"list-style:none\"><img decoding=\"async\" id=\"soliloquy-image-2010\" class=\"soliloquy-image soliloquy-image-3\" src=\"https:\/\/leblanc.pl\/paradox\/wp-content\/uploads\/2025\/05\/Newlyn-est-notre-premiere-escale-Outre-Manche.jpg\" alt=\"Newlyn est notre premi\u00e8re escale Outre-Manche\" \/><div class=\"soliloquy-caption\"><div class=\"soliloquy-caption-inside\">Newlyn est notre premi\u00e8re escale Outre-Manche<\/div><\/div><\/li><li aria-hidden=\"true\" class=\"soliloquy-item soliloquy-item-4 soliloquy-image-slide\" draggable=\"false\" style=\"list-style:none\"><img decoding=\"async\" id=\"soliloquy-image-2005\" class=\"soliloquy-image soliloquy-image-4\" src=\"https:\/\/leblanc.pl\/paradox\/wp-content\/uploads\/2025\/05\/Cest-un-port-de-peche-actif.jpg\" alt=\"C&#039;est un port de p\u00eache actif\" \/><div class=\"soliloquy-caption\"><div class=\"soliloquy-caption-inside\">C'est un port de p\u00eache actif<\/div><\/div><\/li><li aria-hidden=\"true\" class=\"soliloquy-item soliloquy-item-5 soliloquy-image-slide\" draggable=\"false\" style=\"list-style:none\"><img decoding=\"async\" id=\"soliloquy-image-2006\" class=\"soliloquy-image soliloquy-image-5\" src=\"https:\/\/leblanc.pl\/paradox\/wp-content\/uploads\/2025\/05\/et-aussi-un-tres-joli-village.jpg\" alt=\"et aussi un tr\u00e8s joli village\" \/><div class=\"soliloquy-caption\"><div class=\"soliloquy-caption-inside\">et aussi un tr\u00e8s joli village<\/div><\/div><\/li><li aria-hidden=\"true\" class=\"soliloquy-item soliloquy-item-6 soliloquy-image-slide\" draggable=\"false\" style=\"list-style:none\"><img decoding=\"async\" id=\"soliloquy-image-2003\" class=\"soliloquy-image soliloquy-image-6\" src=\"https:\/\/leblanc.pl\/paradox\/wp-content\/uploads\/2025\/05\/avec-de-vieilles-rues-pittoresques.jpg\" alt=\"avec de vieilles rues pittoresques\" \/><div class=\"soliloquy-caption\"><div class=\"soliloquy-caption-inside\">avec de vieilles rues pittoresques<\/div><\/div><\/li><li aria-hidden=\"true\" class=\"soliloquy-item soliloquy-item-7 soliloquy-image-slide\" draggable=\"false\" style=\"list-style:none\"><img decoding=\"async\" id=\"soliloquy-image-2011\" class=\"soliloquy-image soliloquy-image-7\" src=\"https:\/\/leblanc.pl\/paradox\/wp-content\/uploads\/2025\/05\/Ouvert-sur-la-baie-de-Penzance.jpg\" alt=\"Ouvert sur la baie de Penzance\" \/><div class=\"soliloquy-caption\"><div class=\"soliloquy-caption-inside\">Surplombant la baie de Penzance<\/div><\/div><\/li><li aria-hidden=\"true\" class=\"soliloquy-item soliloquy-item-8 soliloquy-image-slide\" draggable=\"false\" style=\"list-style:none\"><img decoding=\"async\" id=\"soliloquy-image-2019\" class=\"soliloquy-image soliloquy-image-8\" src=\"https:\/\/leblanc.pl\/paradox\/wp-content\/uploads\/2025\/05\/Le-Penlee-Park-a-Penzance.jpg\" alt=\"Le Penlee Park, \u00e0 Penzance\" \/><div class=\"soliloquy-caption\"><div class=\"soliloquy-caption-inside\">Le Penlee Park, \u00e0 Penzance<\/div><\/div><\/li><li aria-hidden=\"true\" class=\"soliloquy-item soliloquy-item-9 soliloquy-image-slide\" draggable=\"false\" style=\"list-style:none\"><img decoding=\"async\" id=\"soliloquy-image-1991\" class=\"soliloquy-image soliloquy-image-9\" src=\"https:\/\/leblanc.pl\/paradox\/wp-content\/uploads\/2025\/05\/Voici-une-rue-de-Penzance-qui-descend-vers-la-baie.jpg\" alt=\"Voici une rue de Penzance qui descend vers la baie\" \/><div class=\"soliloquy-caption\"><div class=\"soliloquy-caption-inside\">Voici une rue de Penzance qui descend vers la baie<\/div><\/div><\/li><li aria-hidden=\"true\" class=\"soliloquy-item soliloquy-item-10 soliloquy-image-slide\" draggable=\"false\" style=\"list-style:none\"><img decoding=\"async\" id=\"soliloquy-image-2009\" class=\"soliloquy-image soliloquy-image-10\" src=\"https:\/\/leblanc.pl\/paradox\/wp-content\/uploads\/2025\/05\/Le-crepuscule-tombe-sur-ce-port-de-peche.jpg\" alt=\"Le cr\u00e9puscule tombe sur ce port de p\u00eache\" \/><div class=\"soliloquy-caption\"><div class=\"soliloquy-caption-inside\">Le cr\u00e9puscule tombe sur ce port de p\u00eache<\/div><\/div><\/li><li aria-hidden=\"true\" class=\"soliloquy-item soliloquy-item-11 soliloquy-image-slide\" draggable=\"false\" style=\"list-style:none\"><img decoding=\"async\" id=\"soliloquy-image-2012\" class=\"soliloquy-image soliloquy-image-11\" src=\"https:\/\/leblanc.pl\/paradox\/wp-content\/uploads\/2025\/05\/Padstow-est-un-joli-port-tres-touristique.jpg\" alt=\"Padstow est un joli port tr\u00e8s touristique\" \/><div class=\"soliloquy-caption\"><div class=\"soliloquy-caption-inside\">Padstow est un joli port tr\u00e8s touristique<\/div><\/div><\/li><li aria-hidden=\"true\" class=\"soliloquy-item soliloquy-item-12 soliloquy-image-slide\" draggable=\"false\" style=\"list-style:none\"><img decoding=\"async\" id=\"soliloquy-image-2001\" class=\"soliloquy-image soliloquy-image-12\" src=\"https:\/\/leblanc.pl\/paradox\/wp-content\/uploads\/2025\/05\/Avec-beaucoup-de-restaurants-et-de-boutiques-dart.jpg\" alt=\"Avec beaucoup de restaurants et de boutiques d&#039;art\" \/><div class=\"soliloquy-caption\"><div class=\"soliloquy-caption-inside\">Avec beaucoup de restaurants et de boutiques d'art<\/div><\/div><\/li><li aria-hidden=\"true\" class=\"soliloquy-item soliloquy-item-13 soliloquy-image-slide\" draggable=\"false\" style=\"list-style:none\"><img decoding=\"async\" id=\"soliloquy-image-2015\" class=\"soliloquy-image soliloquy-image-13\" src=\"https:\/\/leblanc.pl\/paradox\/wp-content\/uploads\/2025\/05\/Sous-une-meteo-estivale.jpg\" alt=\"Sous une m\u00e9t\u00e9o estivale\" \/><div class=\"soliloquy-caption\"><div class=\"soliloquy-caption-inside\">Que nous avons appr\u00e9ci\u00e9 sous une m\u00e9t\u00e9o estivale<\/div><\/div><\/li><li aria-hidden=\"true\" class=\"soliloquy-item soliloquy-item-14 soliloquy-image-slide\" draggable=\"false\" style=\"list-style:none\"><img decoding=\"async\" id=\"soliloquy-image-1994\" class=\"soliloquy-image soliloquy-image-14\" src=\"https:\/\/leblanc.pl\/paradox\/wp-content\/uploads\/2025\/05\/Au-Malahide-Castle-1.jpg\" alt=\"Au Malahide Castle\" \/><div class=\"soliloquy-caption\"><div class=\"soliloquy-caption-inside\">L'\u00e9quipage pose devant le Malahide Castle<\/div><\/div><\/li><li aria-hidden=\"true\" class=\"soliloquy-item soliloquy-item-15 soliloquy-image-slide\" draggable=\"false\" style=\"list-style:none\"><img decoding=\"async\" id=\"soliloquy-image-2013\" class=\"soliloquy-image soliloquy-image-15\" src=\"https:\/\/leblanc.pl\/paradox\/wp-content\/uploads\/2025\/05\/Pres-de-Malahide-le-magnifique-site-du-chateau-dArdgillan.jpg\" alt=\"Pr\u00e8s de Malahide, le magnifique site du ch\u00e2teau d&#039;Ardgillan\" \/><div class=\"soliloquy-caption\"><div class=\"soliloquy-caption-inside\">Pr\u00e8s de Malahide, le magnifique site du ch\u00e2teau d'Ardgillan<\/div><\/div><\/li><li aria-hidden=\"true\" class=\"soliloquy-item soliloquy-item-16 soliloquy-image-slide\" draggable=\"false\" style=\"list-style:none\"><img decoding=\"async\" id=\"soliloquy-image-2002\" class=\"soliloquy-image soliloquy-image-16\" src=\"https:\/\/leblanc.pl\/paradox\/wp-content\/uploads\/2025\/05\/Avec-de-tres-jolies-serres.jpg\" alt=\"Avec de tr\u00e8s jolies serres\" \/><div class=\"soliloquy-caption\"><div class=\"soliloquy-caption-inside\">Avec de superbes serres<\/div><\/div><\/li><li aria-hidden=\"true\" class=\"soliloquy-item soliloquy-item-17 soliloquy-image-slide\" draggable=\"false\" style=\"list-style:none\"><img decoding=\"async\" id=\"soliloquy-image-2014\" class=\"soliloquy-image soliloquy-image-17\" src=\"https:\/\/leblanc.pl\/paradox\/wp-content\/uploads\/2025\/05\/qui-restent-ouvertes-au-public.jpg\" alt=\"qui restent ouvertes au public\" \/><div class=\"soliloquy-caption\"><div class=\"soliloquy-caption-inside\">qui restent ouvertes au public<\/div><\/div><\/li><li aria-hidden=\"true\" class=\"soliloquy-item soliloquy-item-18 soliloquy-image-slide\" draggable=\"false\" style=\"list-style:none\"><img decoding=\"async\" id=\"soliloquy-image-1996\" class=\"soliloquy-image soliloquy-image-18\" src=\"https:\/\/leblanc.pl\/paradox\/wp-content\/uploads\/2025\/05\/Dublin-a-busy-city-1.jpg\" alt=\"Dublin, a busy city\" \/><div class=\"soliloquy-caption\"><div class=\"soliloquy-caption-inside\">Nous voici \u00e0 Dublin, une ville tr\u00e8s active<\/div><\/div><\/li><li aria-hidden=\"true\" class=\"soliloquy-item soliloquy-item-19 soliloquy-image-slide\" draggable=\"false\" style=\"list-style:none\"><img decoding=\"async\" id=\"soliloquy-image-1995\" class=\"soliloquy-image soliloquy-image-19\" src=\"https:\/\/leblanc.pl\/paradox\/wp-content\/uploads\/2025\/05\/Crossed-by-the-Liffey-river-1.jpg\" alt=\"Crossed by the Liffey river\" \/><div class=\"soliloquy-caption\"><div class=\"soliloquy-caption-inside\">Travers\u00e9e par la rivi\u00e8re Liffey<\/div><\/div><\/li><li aria-hidden=\"true\" class=\"soliloquy-item soliloquy-item-20 soliloquy-image-slide\" draggable=\"false\" style=\"list-style:none\"><img decoding=\"async\" id=\"soliloquy-image-2000\" class=\"soliloquy-image soliloquy-image-20\" src=\"https:\/\/leblanc.pl\/paradox\/wp-content\/uploads\/2025\/05\/With-remarkable-architecture-1.jpg\" alt=\"With remarkable architecture\" \/><div class=\"soliloquy-caption\"><div class=\"soliloquy-caption-inside\">Avec une architecture remarquable<\/div><\/div><\/li><li aria-hidden=\"true\" class=\"soliloquy-item soliloquy-item-21 soliloquy-image-slide\" draggable=\"false\" style=\"list-style:none\"><img decoding=\"async\" id=\"soliloquy-image-1993\" class=\"soliloquy-image soliloquy-image-21\" src=\"https:\/\/leblanc.pl\/paradox\/wp-content\/uploads\/2025\/05\/and-audacious-designs-1.jpg\" alt=\"and audacious designs\" \/><div class=\"soliloquy-caption\"><div class=\"soliloquy-caption-inside\">des designs audacieux<\/div><\/div><\/li><li aria-hidden=\"true\" class=\"soliloquy-item soliloquy-item-22 soliloquy-image-slide\" draggable=\"false\" style=\"list-style:none\"><img decoding=\"async\" id=\"soliloquy-image-2018\" class=\"soliloquy-image soliloquy-image-22\" src=\"https:\/\/leblanc.pl\/paradox\/wp-content\/uploads\/2025\/05\/des-anachronismes-architecturaux.jpg\" alt=\"des anachronismes architecturaux\" \/><div class=\"soliloquy-caption\"><div class=\"soliloquy-caption-inside\">des oppositions architecturales<\/div><\/div><\/li><li aria-hidden=\"true\" class=\"soliloquy-item soliloquy-item-23 soliloquy-image-slide\" draggable=\"false\" style=\"list-style:none\"><img decoding=\"async\" id=\"soliloquy-image-1992\" class=\"soliloquy-image soliloquy-image-23\" src=\"https:\/\/leblanc.pl\/paradox\/wp-content\/uploads\/2025\/05\/and-a-lively-social-life-1-1.jpg\" alt=\"and a lively social life !\" \/><div class=\"soliloquy-caption\"><div class=\"soliloquy-caption-inside\">et une vie sociale tr\u00e8s active !<\/div><\/div><\/li><li aria-hidden=\"true\" class=\"soliloquy-item soliloquy-item-24 soliloquy-image-slide\" draggable=\"false\" style=\"list-style:none\"><img decoding=\"async\" id=\"soliloquy-image-1997\" class=\"soliloquy-image soliloquy-image-24\" src=\"https:\/\/leblanc.pl\/paradox\/wp-content\/uploads\/2025\/05\/Dublin-le-Trinity-College-1.jpg\" alt=\"Dublin, le Trinity College\" \/><div class=\"soliloquy-caption\"><div class=\"soliloquy-caption-inside\">Le Trinity College, la grande universit\u00e9 de Dublin<\/div><\/div><\/li><li aria-hidden=\"true\" class=\"soliloquy-item soliloquy-item-25 soliloquy-image-slide\" draggable=\"false\" style=\"list-style:none\"><img decoding=\"async\" id=\"soliloquy-image-2016\" class=\"soliloquy-image soliloquy-image-25\" src=\"https:\/\/leblanc.pl\/paradox\/wp-content\/uploads\/2025\/05\/Le-musee-National-de-la-Marine-dans-une-ancienne-eglise-1.jpg\" alt=\"Le mus\u00e9e National de la Marine, dans une ancienne \u00e9glise\" \/><div class=\"soliloquy-caption\"><div class=\"soliloquy-caption-inside\">Le mus\u00e9e National Irlandais de la Marine est situ\u00e9 dans une ancienne \u00e9glise<\/div><\/div><\/li><li aria-hidden=\"true\" class=\"soliloquy-item soliloquy-item-26 soliloquy-image-slide\" draggable=\"false\" style=\"list-style:none\"><img decoding=\"async\" id=\"soliloquy-image-1999\" class=\"soliloquy-image soliloquy-image-26\" src=\"https:\/\/leblanc.pl\/paradox\/wp-content\/uploads\/2025\/05\/Une-visite-tres-interessante-1.jpg\" alt=\"Une visite tr\u00e8s int\u00e9ressante\" \/><div class=\"soliloquy-caption\"><div class=\"soliloquy-caption-inside\">Une visite qui valait le d\u00e9tour<\/div><\/div><\/li><li aria-hidden=\"true\" class=\"soliloquy-item soliloquy-item-27 soliloquy-image-slide\" draggable=\"false\" style=\"list-style:none\"><img decoding=\"async\" id=\"soliloquy-image-1998\" class=\"soliloquy-image soliloquy-image-27\" src=\"https:\/\/leblanc.pl\/paradox\/wp-content\/uploads\/2025\/05\/que-Joe-nous-abondamment-commentee-1.jpg\" alt=\"que Joe nous abondamment comment\u00e9e\" \/><div class=\"soliloquy-caption\"><div class=\"soliloquy-caption-inside\">et que notre ami Joe nous a abondamment comment\u00e9e !<\/div><\/div><\/li><\/ul><\/div><noscript><style type=\"text\/css\">#soliloquy-container-1966{opacity:1}<\/style><\/noscript>\n","protected":false},"excerpt":{"rendered":"","protected":false},"author":1,"featured_media":2072,"parent":0,"menu_order":0,"comment_status":"open","ping_status":"closed","template":"","meta":{"footnotes":""},"class_list":["post-2071","page","type-page","status-publish","has-post-thumbnail","hentry"],"_links":{"self":[{"href":"https:\/\/leblanc.pl\/paradox\/wp-json\/wp\/v2\/pages\/2071","targetHints":{"allow":["GET"]}}],"collection":[{"href":"https:\/\/leblanc.pl\/paradox\/wp-json\/wp\/v2\/pages"}],"about":[{"href":"https:\/\/leblanc.pl\/paradox\/wp-json\/wp\/v2\/types\/page"}],"author":[{"embeddable":true,"href":"https:\/\/leblanc.pl\/paradox\/wp-json\/wp\/v2\/users\/1"}],"replies":[{"embeddable":true,"href":"https:\/\/leblanc.pl\/paradox\/wp-json\/wp\/v2\/comments?post=2071"}],"version-history":[{"count":1,"href":"https:\/\/leblanc.pl\/paradox\/wp-json\/wp\/v2\/pages\/2071\/revisions"}],"predecessor-version":[{"id":2073,"href":"https:\/\/leblanc.pl\/paradox\/wp-json\/wp\/v2\/pages\/2071\/revisions\/2073"}],"wp:featuredmedia":[{"embeddable":true,"href":"https:\/\/leblanc.pl\/paradox\/wp-json\/wp\/v2\/media\/2072"}],"wp:attachment":[{"href":"https:\/\/leblanc.pl\/paradox\/wp-json\/wp\/v2\/media?parent=2071"}],"curies":[{"name":"wp","href":"https:\/\/api.w.org\/{rel}","templated":true}]}}