{"id":2,"date":"2025-01-24T00:37:03","date_gmt":"2025-01-23T23:37:03","guid":{"rendered":"https:\/\/leblanc.pl\/paradox\/?page_id=2"},"modified":"2025-04-28T17:48:19","modified_gmt":"2025-04-28T15:48:19","slug":"02-paradox","status":"publish","type":"page","link":"https:\/\/leblanc.pl\/paradox\/02-paradox\/","title":{"rendered":"Paradox, le bateau"},"content":{"rendered":"<p><span style=\"font-size: 14pt;\"><strong>Paradox<\/strong>, toujours officiellement baptis\u00e9 \u00ab <em><strong>Paradox of Plym<\/strong><\/em>\u00a0\u00bb par un de ses pr\u00e9c\u00e9dents propri\u00e9taires vivant \u00e0 <em>Plymouth<\/em>, est un <em><strong>Freedom 39<\/strong><\/em> de 1988, go\u00e9lette de 39 pieds gr\u00e9\u00e9e avec 2 voiles de jonque.<\/span><br \/>\n<span style=\"font-size: 14pt;\">Ses 2 m\u00e2ts sont autoport\u00e9s, ne n\u00e9cessitant ni haubans, ni bastaques ou \u00e9tais.<\/span><\/p>\n<p>&nbsp;<\/p>\n<div id=\"attachment_1735\" style=\"width: 410px\" class=\"wp-caption alignleft\"><a href=\"https:\/\/leblanc.pl\/paradox\/wp-content\/uploads\/2025\/04\/Paradox-sur-la-cote-irlandaise-1.jpg\"><img loading=\"lazy\" decoding=\"async\" aria-describedby=\"caption-attachment-1735\" class=\"image-a-gauche wp-image-1735\" title=\"Paradox sur la c\u00f4te irlandaise\" src=\"https:\/\/leblanc.pl\/paradox\/wp-content\/uploads\/2025\/04\/Paradox-sur-la-cote-irlandaise-1-300x162.jpg\" alt=\"Paradox sur la c\u00f4te irlandaise\" width=\"400\" height=\"216\" srcset=\"https:\/\/leblanc.pl\/paradox\/wp-content\/uploads\/2025\/04\/Paradox-sur-la-cote-irlandaise-1-300x162.jpg 300w, https:\/\/leblanc.pl\/paradox\/wp-content\/uploads\/2025\/04\/Paradox-sur-la-cote-irlandaise-1-768x414.jpg 768w, https:\/\/leblanc.pl\/paradox\/wp-content\/uploads\/2025\/04\/Paradox-sur-la-cote-irlandaise-1.jpg 800w\" sizes=\"auto, (max-width: 400px) 100vw, 400px\" \/><\/a><p id=\"caption-attachment-1735\" class=\"wp-caption-text\"><\/span> <span style=\"font-size: 14pt;\">Paradox sur la c\u00f4te irlandaise<\/span><\/p><\/div>\n<p><span style=\"font-size: 14pt;\">Portant initialement des voiles triangulaires mont\u00e9es sur wishbones, particularit\u00e9 des voiliers <em>Freedom<\/em>, elle fut ensuite gr\u00e9\u00e9e de voiles type bermudien, avec rails de guindant sur les m\u00e2ts. Le dernier propri\u00e9taire avant moi lui a ensuite fait fabriquer ses 2 voiles de jonque actuelles.<\/span><\/p>\n<p>&nbsp;<\/p>\n<p><span style=\"font-size: 14pt;\">J\u2019ai fait l\u2019acquisition de <em>Paradox<\/em> en septembre 2022. Le bateau a eu plusieurs propri\u00e9taires avant moi, et avait \u00e0 son actif plusieurs travers\u00e9es de l\u2019Atlantique. Je l\u2019ai achet\u00e9 \u00e0 <em><strong>Brian et Maddy Kerslake<\/strong><\/em>, que je salue ici, un couple charmant que je n\u2019ai malheureusement encore pas pu rencontrer. Le bateau se trouvait alors en M\u00e9diterran\u00e9e, pr\u00e8s de <em>Barcelone<\/em>, et apr\u00e8s l\u2019avoir ramen\u00e9 en France, nous avons d\u00e9cid\u00e9 de le faire transporter sur la c\u00f4te Atlantique par camion.<\/span><\/p>\n<p>&nbsp;<\/p>\n<p><span style=\"font-size: 14pt;\"><em>Paradox<\/em> est d\u00e9sormais stationn\u00e9 \u00e0 <em><strong>Soubise<\/strong><\/em>, un port sur la <em><strong>Charente<\/strong> <\/em>proche de <em><strong>Rochefort<\/strong><\/em>, o\u00f9 il est pos\u00e9 au sec sur ses bers lorsqu\u2019il ne navigue pas.<\/span><\/p>\n<div id=\"attachment_1158\" style=\"width: 310px\" class=\"wp-caption alignright\"><a href=\"https:\/\/leblanc.pl\/paradox\/wp-content\/uploads\/2025\/03\/La-voilure-de-Paradox-dans-toute-sa-splendeur-.jpg\"><img loading=\"lazy\" decoding=\"async\" aria-describedby=\"caption-attachment-1158\" class=\"image-a-droite wp-image-1158 size-medium\" title=\"La voilure de Paradox dans toute sa splendeur !\" src=\"https:\/\/leblanc.pl\/paradox\/wp-content\/uploads\/2025\/03\/La-voilure-de-Paradox-dans-toute-sa-splendeur--300x169.jpg\" alt=\"La voilure de Paradox dans toute sa splendeur !\" width=\"300\" height=\"169\" srcset=\"https:\/\/leblanc.pl\/paradox\/wp-content\/uploads\/2025\/03\/La-voilure-de-Paradox-dans-toute-sa-splendeur--300x169.jpg 300w, https:\/\/leblanc.pl\/paradox\/wp-content\/uploads\/2025\/03\/La-voilure-de-Paradox-dans-toute-sa-splendeur--1024x576.jpg 1024w, https:\/\/leblanc.pl\/paradox\/wp-content\/uploads\/2025\/03\/La-voilure-de-Paradox-dans-toute-sa-splendeur--768x432.jpg 768w, https:\/\/leblanc.pl\/paradox\/wp-content\/uploads\/2025\/03\/La-voilure-de-Paradox-dans-toute-sa-splendeur-.jpg 1381w\" sizes=\"auto, (max-width: 300px) 100vw, 300px\" \/><\/a><p id=\"caption-attachment-1158\" class=\"wp-caption-text\"><\/span> <span style=\"font-size: 14pt;\">La voilure de Paradox dans toute sa splendeur !<\/span><\/p><\/div>\n<p><span style=\"font-size: 14pt;\">Apr\u00e8s nos premi\u00e8res navigations, trouvant le bateau sous-toil\u00e9, j\u2019ai pu augmenter d\u2019environ 12% la surface de chaque voile en leur ajoutant un panneau suppl\u00e9mentaire.<\/span><\/p>\n<p>&nbsp;<\/p>\n<p><span style=\"font-size: 14pt;\">Cela a \u00e9t\u00e9 rendu possible par la simplicit\u00e9 de conception des voiles de jonque, et ne n\u00e9cessita que peu de mat\u00e9riel, une vieille machine \u00e0 coudre et des comp\u00e9tences en couture tr\u00e8s basiques.<\/span><br \/>\n<span style=\"font-size: 14pt;\">Sans oublier bien s\u00fbr les pr\u00e9cieuses informations disponibles sur le site web de l&rsquo;association des gr\u00e9ements de jonque, la <em><strong>Junk Rig Association<\/strong><\/em> (la JRA : <a href=\"https:\/\/www.junkrigassociation.org\" target=\"_blank\" rel=\"noopener\">https:\/\/www.junkrigassociation.org<\/a>) et les travaux du norv\u00e9gien <em><a href=\"https:\/\/docslib.org\/doc\/6252380\/junk-rig-for-beginners-by-arne-kverneland-ver\" target=\"_blank\" rel=\"noopener\">Arne Kverneland<\/a><\/em>.<\/span><\/p>\n<p>&nbsp;<\/p>\n<p><span style=\"font-size: 14pt;\">Le r\u00e9sultat s\u2019est av\u00e9r\u00e9 satisfaisant, nous permettant une meilleure vitesse, surtout par vent faible.<\/span><\/p>\n<p>&nbsp;<\/p>\n<p><span style=\"font-size: 14pt;\">Mais c&rsquo;est fou, comme la liste des choses \u00e0 faire pour que ce bateau soit (<em>presque<\/em>) parfait ne cesse de s&rsquo;allonger !<\/span><\/p>\n","protected":false},"excerpt":{"rendered":"<p>Paradox, toujours officiellement baptis\u00e9 \u00ab Paradox of Plym\u00a0\u00bb par un de ses pr\u00e9c\u00e9dents propri\u00e9taires vivant \u00e0 Plymouth, est un Freedom 39 de 1988, go\u00e9lette de 39 pieds gr\u00e9\u00e9e avec 2 voiles de jonque. Ses 2 m\u00e2ts sont autoport\u00e9s, ne n\u00e9cessitant &hellip; <a href=\"https:\/\/leblanc.pl\/paradox\/02-paradox\/\">Continuer la lecture <span class=\"meta-nav\">&rarr;<\/span><\/a><\/p>\n","protected":false},"author":1,"featured_media":417,"parent":0,"menu_order":2,"comment_status":"open","ping_status":"closed","template":"","meta":{"footnotes":""},"class_list":["post-2","page","type-page","status-publish","has-post-thumbnail","hentry"],"_links":{"self":[{"href":"https:\/\/leblanc.pl\/paradox\/wp-json\/wp\/v2\/pages\/2","targetHints":{"allow":["GET"]}}],"collection":[{"href":"https:\/\/leblanc.pl\/paradox\/wp-json\/wp\/v2\/pages"}],"about":[{"href":"https:\/\/leblanc.pl\/paradox\/wp-json\/wp\/v2\/types\/page"}],"author":[{"embeddable":true,"href":"https:\/\/leblanc.pl\/paradox\/wp-json\/wp\/v2\/users\/1"}],"replies":[{"embeddable":true,"href":"https:\/\/leblanc.pl\/paradox\/wp-json\/wp\/v2\/comments?post=2"}],"version-history":[{"count":19,"href":"https:\/\/leblanc.pl\/paradox\/wp-json\/wp\/v2\/pages\/2\/revisions"}],"predecessor-version":[{"id":1858,"href":"https:\/\/leblanc.pl\/paradox\/wp-json\/wp\/v2\/pages\/2\/revisions\/1858"}],"wp:featuredmedia":[{"embeddable":true,"href":"https:\/\/leblanc.pl\/paradox\/wp-json\/wp\/v2\/media\/417"}],"wp:attachment":[{"href":"https:\/\/leblanc.pl\/paradox\/wp-json\/wp\/v2\/media?parent=2"}],"curies":[{"name":"wp","href":"https:\/\/api.w.org\/{rel}","templated":true}]}}