{"id":805,"date":"2021-10-11T22:51:12","date_gmt":"2021-10-11T20:51:12","guid":{"rendered":"https:\/\/leblanc.pl\/china_blue\/?page_id=805"},"modified":"2022-05-05T16:10:40","modified_gmt":"2022-05-05T14:10:40","slug":"chapter-15-pornic-family-visit","status":"publish","type":"page","link":"https:\/\/leblanc.pl\/china_blue\/index.php\/the-whole-story\/chapter-15-pornic-family-visit\/","title":{"rendered":"Chapitre 15 &#8211; Pornic, visite de famille"},"content":{"rendered":"<h2><u>De Belle Ile \u00e0 Pornic &#8211; Pas grand chose \u00e0 dire\u2026<\/u><\/h2>\n<p>Donc, nous avions quitt\u00e9 <em>Le Palais<\/em> sur <em>Belle Ile <\/em>at 08h00, par un matin sans vent, apr\u00e8s avoir obtenu du personnel du port de ne pas payer pour ce que nous n&rsquo;avions pas consomm\u00e9.<\/p>\n<p><em>Pornic<\/em> n&rsquo;avait rien \u00e0 faire sur notre route vers notre port de destination. Si vous regardez une carte, vous verrez que c&rsquo;est compl\u00e8tement hors-piste.<\/p>\n<p>Mais il y avait une raison. <em>Rachida<\/em>, une des tantes de <em>Karim<\/em>, une de mes belles-s\u0153urs par la m\u00eame occasion, vit en Bretagne. Nous avions organis\u00e9 un rendez-vous pour passer la soir\u00e9e avec elle.<\/p>\n<p>Non, pour \u00eatre franc, il y avait une autre raison. Nous lui avions confi\u00e9 une liste de courses \u00e0 faire pour nous, puisque nous n&rsquo;avions pas pu en faire depuis deux jours.<\/p>\n<p>Ok, et pour \u00eatre vraiment compl\u00e8tement franc \u00e0 propos de cette travers\u00e9e de <em>Belle Ile<\/em> \u00e0 <em>Pornic<\/em>, voici ce que j&rsquo;ai \u00e9crit dans le livre de bord:<\/p>\n<ul>\n<li>08h00: d\u00e9part<\/li>\n<li>17h00: arriv\u00e9e<\/li>\n<li>Total: 46 milles.<\/li>\n<\/ul>\n<p>Et je suis cens\u00e9 pondre une page web avec ce contenu laconique.<\/p>\n<p>Je dois vraiment?<br \/>\nAlors voil\u00e0, quelques d\u00e9tails ordinaires (et je n&rsquo;ai pas de photo!).<\/p>\n<p>Bon, nous sommes bien arriv\u00e9s \u00e0 <em>Pornic<\/em>. <em>Karim<\/em> a d\u00e9cid\u00e9 d&rsquo;aller prendre un bain \u00e0 la plage.<br \/>\nEnsuite, nous avons bien retrouv\u00e9 <em>Rachida<\/em>, qui avait fait toutes les courses que nous lui avions demand\u00e9es, et plus encore.<br \/>\nElle \u00e9tait pour passer la soir\u00e9e \u00e0 bord de China Blue, mais je l&rsquo;ai convaincue de manger \u00e0 l&rsquo;ext\u00e9rieur, ce que nous f\u00eemes.<br \/>\nNous sommes rentr\u00e9s ensuite \u00e0 bord, avons consomm\u00e9 quelques bi\u00e8res qui avaient fait partie de notre liste de courses, et tout le monde est all\u00e9 se coucher.<br \/>\nJ&rsquo;avais laiss\u00e9 \u00e0 <em>Rachida<\/em> la \u00ab\u00a0suite du capitaine\u00a0\u00bb et j&rsquo;ai dormi avec <em>Karim<\/em> dans le carr\u00e9.<\/p>\n<p>Le d\u00e9part du matin suivant allait bien s\u00fbr \u00eatre tardif, nous n&rsquo;allions pas nous d\u00e9barrasser comme \u00e7a de notre invit\u00e9e.<br \/>\nCe fut un petit d\u00e9jeuner agr\u00e9able et relax dans le cockpit, puis nous avons fait nos adieux.<\/p>\n<h3>C&rsquo;\u00e9tait sympa, cette petite r\u00e9union de famille&#8230;<em> et c&rsquo;est tout ce que nous retiendrons!<\/em><\/h3>\n<p class=\"tw-data-text tw-text-large XcVN5d tw-ta\" dir=\"ltr\" style=\"text-align: right;\" data-placeholder=\"Traduction\"><em><span class=\"Y2IQFc\" lang=\"fr\">(<a href=\"https:\/\/leblanc.pl\/china_blue\/index.php\/toute-lhistoire\/chapter-all-the-rest\/\">\u00c0 suivre<\/a>)<\/span><\/em><\/p>\n","protected":false},"excerpt":{"rendered":"<p>De Belle Ile \u00e0 Pornic &#8211; Pas grand chose \u00e0 dire\u2026 Donc, nous avions quitt\u00e9 Le Palais sur Belle Ile at 08h00, par un matin sans vent, apr\u00e8s avoir obtenu du personnel du port de ne pas payer pour ce &hellip; <a href=\"https:\/\/leblanc.pl\/china_blue\/index.php\/the-whole-story\/chapter-15-pornic-family-visit\/\">Continuer la lecture <span class=\"meta-nav\">&rarr;<\/span><\/a><\/p>\n","protected":false},"author":1,"featured_media":0,"parent":545,"menu_order":0,"comment_status":"open","ping_status":"closed","template":"","meta":[],"_links":{"self":[{"href":"https:\/\/leblanc.pl\/china_blue\/index.php\/wp-json\/wp\/v2\/pages\/805"}],"collection":[{"href":"https:\/\/leblanc.pl\/china_blue\/index.php\/wp-json\/wp\/v2\/pages"}],"about":[{"href":"https:\/\/leblanc.pl\/china_blue\/index.php\/wp-json\/wp\/v2\/types\/page"}],"author":[{"embeddable":true,"href":"https:\/\/leblanc.pl\/china_blue\/index.php\/wp-json\/wp\/v2\/users\/1"}],"replies":[{"embeddable":true,"href":"https:\/\/leblanc.pl\/china_blue\/index.php\/wp-json\/wp\/v2\/comments?post=805"}],"version-history":[{"count":13,"href":"https:\/\/leblanc.pl\/china_blue\/index.php\/wp-json\/wp\/v2\/pages\/805\/revisions"}],"predecessor-version":[{"id":1216,"href":"https:\/\/leblanc.pl\/china_blue\/index.php\/wp-json\/wp\/v2\/pages\/805\/revisions\/1216"}],"up":[{"embeddable":true,"href":"https:\/\/leblanc.pl\/china_blue\/index.php\/wp-json\/wp\/v2\/pages\/545"}],"wp:attachment":[{"href":"https:\/\/leblanc.pl\/china_blue\/index.php\/wp-json\/wp\/v2\/media?parent=805"}],"curies":[{"name":"wp","href":"https:\/\/api.w.org\/{rel}","templated":true}]}}