{"id":1263,"date":"2023-01-17T20:18:55","date_gmt":"2023-01-17T19:18:55","guid":{"rendered":"https:\/\/leblanc.pl\/china_blue\/?page_id=1263"},"modified":"2023-01-17T21:20:22","modified_gmt":"2023-01-17T20:20:22","slug":"china-blue-a-roscoff","status":"publish","type":"page","link":"https:\/\/leblanc.pl\/china_blue\/index.php\/videos\/china-blue-a-roscoff\/","title":{"rendered":"China Blue \u00e0 Roscoff lors de l&rsquo;assembl\u00e9e g\u00e9n\u00e9rale annuelle de la Junk Rig Association"},"content":{"rendered":"<p class=\"text-align:left;\">Cette vid\u00e9o a \u00e9t\u00e9 tourn\u00e9e quand China Blue a particip\u00e9 \u00e0 l&rsquo;assembl\u00e9e g\u00e9n\u00e9rale annuelle de la Junk Rig Association en 2022 \u00e0 Roscoff, en Bretagne. De magnifiques bateaux<i>, des gens formidables, de la belle navigation!<\/i>.<\/p>\n<p>Mention sp\u00e9ciale pour Ming-Ming, le plus petit de la flotte, qui a navigu\u00e9 avec Roger Taylor aussi loin que Jan Mayen, autour de l&rsquo;Islande, au Groenland, aux a\u00e7ores&#8230;<\/p>\n<h3 style=\"text-align: center;\"><em>N&rsquo;h\u00e9sitez pas \u00e0 afficher cette vid\u00e9o en plein \u00e9cran&#8230;<\/em><\/h3>\n<p style=\"text-align: center;\"><span style=\"color: #ff0000;\">\u00a0<em>et activez les sous-titres!<\/em><br \/>\n<iframe loading=\"lazy\" title=\"Junk Rigs come to Roscoff - sailing and fellowship in Brittany\" width=\"640\" height=\"360\" src=\"https:\/\/www.youtube.com\/embed\/xxjIqt46Je8?feature=oembed\" frameborder=\"0\" allow=\"accelerometer; autoplay; clipboard-write; encrypted-media; gyroscope; picture-in-picture; web-share\" allowfullscreen><\/iframe><br \/>\n<\/span><\/p>\n","protected":false},"excerpt":{"rendered":"<p>Cette vid\u00e9o a \u00e9t\u00e9 tourn\u00e9e quand China Blue a particip\u00e9 \u00e0 l&rsquo;assembl\u00e9e g\u00e9n\u00e9rale annuelle de la Junk Rig Association en 2022 \u00e0 Roscoff, en Bretagne. De magnifiques bateaux, des gens formidables, de la belle navigation!. Mention sp\u00e9ciale pour Ming-Ming, le &hellip; <a href=\"https:\/\/leblanc.pl\/china_blue\/index.php\/videos\/china-blue-a-roscoff\/\">Continuer la lecture <span class=\"meta-nav\">&rarr;<\/span><\/a><\/p>\n","protected":false},"author":1,"featured_media":0,"parent":2,"menu_order":0,"comment_status":"closed","ping_status":"closed","template":"","meta":[],"_links":{"self":[{"href":"https:\/\/leblanc.pl\/china_blue\/index.php\/wp-json\/wp\/v2\/pages\/1263"}],"collection":[{"href":"https:\/\/leblanc.pl\/china_blue\/index.php\/wp-json\/wp\/v2\/pages"}],"about":[{"href":"https:\/\/leblanc.pl\/china_blue\/index.php\/wp-json\/wp\/v2\/types\/page"}],"author":[{"embeddable":true,"href":"https:\/\/leblanc.pl\/china_blue\/index.php\/wp-json\/wp\/v2\/users\/1"}],"replies":[{"embeddable":true,"href":"https:\/\/leblanc.pl\/china_blue\/index.php\/wp-json\/wp\/v2\/comments?post=1263"}],"version-history":[{"count":5,"href":"https:\/\/leblanc.pl\/china_blue\/index.php\/wp-json\/wp\/v2\/pages\/1263\/revisions"}],"predecessor-version":[{"id":1271,"href":"https:\/\/leblanc.pl\/china_blue\/index.php\/wp-json\/wp\/v2\/pages\/1263\/revisions\/1271"}],"up":[{"embeddable":true,"href":"https:\/\/leblanc.pl\/china_blue\/index.php\/wp-json\/wp\/v2\/pages\/2"}],"wp:attachment":[{"href":"https:\/\/leblanc.pl\/china_blue\/index.php\/wp-json\/wp\/v2\/media?parent=1263"}],"curies":[{"name":"wp","href":"https:\/\/api.w.org\/{rel}","templated":true}]}}